{"id":530,"date":"2018-07-10T09:12:47","date_gmt":"2018-07-10T07:12:47","guid":{"rendered":"http:\/\/www.hamel-france.com\/boutique\/?post_type=product&#038;p=530"},"modified":"2026-01-28T11:32:59","modified_gmt":"2026-01-28T10:32:59","slug":"sonde-de-temperature-lg-2m","status":"publish","type":"product","link":"https:\/\/www.hamel-france.com\/boutique\/produit\/sonde-de-temperature-lg-2m\/","title":{"rendered":"Sonde de temp\u00e9rature des grains Lg 2.00m avec pointe Inox et affichage digital (pile 1.5V)"},"content":{"rendered":"<h2>Sonde de temp\u00e9rature avec pointe inox et cadran d&#8217;affichage.<\/h2>\n<p>Cette <strong>sonde de temp\u00e9rature<\/strong> s\u2019enfonce facilement dans les tas de c\u00e9r\u00e9ales (ma\u00efs, bl\u00e9, orge,&#8230;) gr\u00e2ce \u00e0 sa pointe en inox et son grand \u00e9cran \u00e0 affichage digital permet une lecture directe et rapide.<\/p>\n<p>Cette sonde a une <strong>plage de mesure de temp\u00e9ratures allant de -10 \u00e0 +70\u00b0C<\/strong>.<\/p>\n<p>La qualit\u00e9 des mat\u00e9riaux utilis\u00e9s pour cette sonde lui conf\u00e8re une grande robustesse\u00a0:<\/p>\n<ul>\n<li>tige en fibre de verre<\/li>\n<li>extr\u00e9mit\u00e9 conique en inox<\/li>\n<\/ul>\n<p>Longueur de la sonde : 2m<\/p>\n<p>\u00c9tendue de mesure: -10 \u00e0 +70 \u00b0C<\/p>\n<p>Pr\u00e9cision (pointe): \u00b1 1 \u00b0C<\/p>\n<p>Pour <b>pr\u00e9venir les risques<\/b> li\u00e9s \u00e0 la conservation de vos stocks, une <b>surveillance r\u00e9guli\u00e8re de la temp\u00e9rature<\/b> est essentielle. Elle permet d&#8217;\u00e9viter la prolif\u00e9ration des insectes et des moisissures, <b>pr\u00e9servant ainsi la qualit\u00e9 et la valeur \u00e0 long terme<\/b> de votre r\u00e9colte<\/p>\n<p><em>Des sondes sp\u00e9cifiques sont disponibles pour :<\/em> <em>le foin, la paille, l\u2019ensilage ainsi que le compost, demandez un devis<strong><a href=\"http:\/\/www.hamel-france.com\/boutique\/contact\/\" target=\"_blank\" rel=\"noopener noreferrer\"> ici<\/a><\/strong><\/em><\/p>\n<p>&nbsp;<\/p>\n<p>&nbsp;<\/p>\n<p>&nbsp;<\/p>\n","protected":false},"excerpt":{"rendered":"<p>Sonde de temp\u00e9rature agricole Lg:2m<\/p>\n","protected":false},"featured_media":80,"template":"","meta":{"_mi_skip_tracking":false,"_exactmetrics_sitenote_active":false,"_exactmetrics_sitenote_note":"","_exactmetrics_sitenote_category":0},"product_cat":[28],"product_tag":[],"acf":[],"yoast_head":"<!-- This site is optimized with the Yoast SEO plugin v21.7 - https:\/\/yoast.com\/wordpress\/plugins\/seo\/ -->\n<title>Sonde de temp\u00e9rature des grains Lg:2m | Mat\u00e9riels pour C\u00e9r\u00e9aliers<\/title>\n<meta name=\"description\" content=\"Sonde de temp\u00e9rature agricole pour : ma\u00efs, bl\u00e9, orge,.. Plage de mesure de temp\u00e9ratures : -10 \u00e0 +70\u00b0C avec \u00e9cran \u00e0 affichage digital .\" \/>\n<meta name=\"robots\" content=\"index, follow, max-snippet:-1, max-image-preview:large, max-video-preview:-1\" \/>\n<link rel=\"canonical\" href=\"https:\/\/www.hamel-france.com\/boutique\/produit\/sonde-de-temperature-lg-2m\/\" \/>\n<meta property=\"og:locale\" content=\"fr_FR\" \/>\n<meta property=\"og:type\" content=\"article\" \/>\n<meta property=\"og:title\" content=\"Sonde de temp\u00e9rature des grains Lg:2m | Mat\u00e9riels pour C\u00e9r\u00e9aliers\" \/>\n<meta property=\"og:description\" content=\"Sonde de temp\u00e9rature agricole pour : ma\u00efs, bl\u00e9, orge,.. Plage de mesure de temp\u00e9ratures : -10 \u00e0 +70\u00b0C avec \u00e9cran \u00e0 affichage digital .\" \/>\n<meta property=\"og:url\" content=\"https:\/\/www.hamel-france.com\/boutique\/produit\/sonde-de-temperature-lg-2m\/\" \/>\n<meta property=\"og:site_name\" content=\"Boutique Hamel\" \/>\n<meta property=\"article:modified_time\" content=\"2026-01-28T10:32:59+00:00\" \/>\n<meta property=\"og:image\" content=\"https:\/\/www.hamel-france.com\/boutique\/wp-content\/uploads\/sites\/2\/2017\/11\/SONDE-GT1.jpg\" \/>\n\t<meta property=\"og:image:width\" content=\"718\" \/>\n\t<meta property=\"og:image:height\" content=\"718\" \/>\n\t<meta property=\"og:image:type\" content=\"image\/jpeg\" \/>\n<meta name=\"twitter:card\" content=\"summary_large_image\" \/>\n<meta name=\"twitter:label1\" content=\"Dur\u00e9e de lecture estim\u00e9e\" \/>\n\t<meta name=\"twitter:data1\" content=\"1 minute\" \/>\n<script type=\"application\/ld+json\" class=\"yoast-schema-graph\">{\"@context\":\"https:\/\/schema.org\",\"@graph\":[{\"@type\":\"WebPage\",\"@id\":\"https:\/\/www.hamel-france.com\/boutique\/produit\/sonde-de-temperature-lg-2m\/\",\"url\":\"https:\/\/www.hamel-france.com\/boutique\/produit\/sonde-de-temperature-lg-2m\/\",\"name\":\"Sonde de temp\u00e9rature des grains Lg:2m | Mat\u00e9riels pour C\u00e9r\u00e9aliers\",\"isPartOf\":{\"@id\":\"https:\/\/www.hamel-france.com\/boutique\/#website\"},\"datePublished\":\"2018-07-10T07:12:47+00:00\",\"dateModified\":\"2026-01-28T10:32:59+00:00\",\"description\":\"Sonde de temp\u00e9rature agricole pour : ma\u00efs, bl\u00e9, orge,.. Plage de mesure de temp\u00e9ratures : -10 \u00e0 +70\u00b0C avec \u00e9cran \u00e0 affichage digital .\",\"breadcrumb\":{\"@id\":\"https:\/\/www.hamel-france.com\/boutique\/produit\/sonde-de-temperature-lg-2m\/#breadcrumb\"},\"inLanguage\":\"fr-FR\",\"potentialAction\":[{\"@type\":\"ReadAction\",\"target\":[\"https:\/\/www.hamel-france.com\/boutique\/produit\/sonde-de-temperature-lg-2m\/\"]}]},{\"@type\":\"BreadcrumbList\",\"@id\":\"https:\/\/www.hamel-france.com\/boutique\/produit\/sonde-de-temperature-lg-2m\/#breadcrumb\",\"itemListElement\":[{\"@type\":\"ListItem\",\"position\":1,\"name\":\"Accueil\",\"item\":\"https:\/\/www.hamel-france.com\/boutique\/\"},{\"@type\":\"ListItem\",\"position\":2,\"name\":\"Boutique\",\"item\":\"https:\/\/www.hamel-france.com\/boutique\/boutique\/\"},{\"@type\":\"ListItem\",\"position\":3,\"name\":\"Sonde de temp\u00e9rature des grains Lg 2.00m avec pointe Inox et affichage digital (pile 1.5V)\"}]},{\"@type\":\"WebSite\",\"@id\":\"https:\/\/www.hamel-france.com\/boutique\/#website\",\"url\":\"https:\/\/www.hamel-france.com\/boutique\/\",\"name\":\"Boutique Hamel\",\"description\":\"Vente en ligne d&#039;\u00e9quipements&lt;br \/&gt; pour le stockage du grain et le mat\u00e9riel d&#039;\u00e9levage\",\"publisher\":{\"@id\":\"https:\/\/www.hamel-france.com\/boutique\/#organization\"},\"potentialAction\":[{\"@type\":\"SearchAction\",\"target\":{\"@type\":\"EntryPoint\",\"urlTemplate\":\"https:\/\/www.hamel-france.com\/boutique\/?s={search_term_string}\"},\"query-input\":\"required name=search_term_string\"}],\"inLanguage\":\"fr-FR\"},{\"@type\":\"Organization\",\"@id\":\"https:\/\/www.hamel-france.com\/boutique\/#organization\",\"name\":\"Boutique Hamel\",\"url\":\"https:\/\/www.hamel-france.com\/boutique\/\",\"logo\":{\"@type\":\"ImageObject\",\"inLanguage\":\"fr-FR\",\"@id\":\"https:\/\/www.hamel-france.com\/boutique\/#\/schema\/logo\/image\/\",\"url\":\"https:\/\/www.hamel-france.com\/boutique\/wp-content\/uploads\/sites\/2\/2018\/01\/logo-hamel.png\",\"contentUrl\":\"https:\/\/www.hamel-france.com\/boutique\/wp-content\/uploads\/sites\/2\/2018\/01\/logo-hamel.png\",\"width\":470,\"height\":110,\"caption\":\"Boutique Hamel\"},\"image\":{\"@id\":\"https:\/\/www.hamel-france.com\/boutique\/#\/schema\/logo\/image\/\"}}]}<\/script>\n<!-- \/ Yoast SEO plugin. -->","yoast_head_json":{"title":"Sonde de temp\u00e9rature des grains Lg:2m | Mat\u00e9riels pour C\u00e9r\u00e9aliers","description":"Sonde de temp\u00e9rature agricole pour : ma\u00efs, bl\u00e9, orge,.. Plage de mesure de temp\u00e9ratures : -10 \u00e0 +70\u00b0C avec \u00e9cran \u00e0 affichage digital .","robots":{"index":"index","follow":"follow","max-snippet":"max-snippet:-1","max-image-preview":"max-image-preview:large","max-video-preview":"max-video-preview:-1"},"canonical":"https:\/\/www.hamel-france.com\/boutique\/produit\/sonde-de-temperature-lg-2m\/","og_locale":"fr_FR","og_type":"article","og_title":"Sonde de temp\u00e9rature des grains Lg:2m | Mat\u00e9riels pour C\u00e9r\u00e9aliers","og_description":"Sonde de temp\u00e9rature agricole pour : ma\u00efs, bl\u00e9, orge,.. Plage de mesure de temp\u00e9ratures : -10 \u00e0 +70\u00b0C avec \u00e9cran \u00e0 affichage digital .","og_url":"https:\/\/www.hamel-france.com\/boutique\/produit\/sonde-de-temperature-lg-2m\/","og_site_name":"Boutique Hamel","article_modified_time":"2026-01-28T10:32:59+00:00","og_image":[{"width":718,"height":718,"url":"https:\/\/www.hamel-france.com\/boutique\/wp-content\/uploads\/sites\/2\/2017\/11\/SONDE-GT1.jpg","type":"image\/jpeg"}],"twitter_card":"summary_large_image","twitter_misc":{"Dur\u00e9e de lecture estim\u00e9e":"1 minute"},"schema":{"@context":"https:\/\/schema.org","@graph":[{"@type":"WebPage","@id":"https:\/\/www.hamel-france.com\/boutique\/produit\/sonde-de-temperature-lg-2m\/","url":"https:\/\/www.hamel-france.com\/boutique\/produit\/sonde-de-temperature-lg-2m\/","name":"Sonde de temp\u00e9rature des grains Lg:2m | Mat\u00e9riels pour C\u00e9r\u00e9aliers","isPartOf":{"@id":"https:\/\/www.hamel-france.com\/boutique\/#website"},"datePublished":"2018-07-10T07:12:47+00:00","dateModified":"2026-01-28T10:32:59+00:00","description":"Sonde de temp\u00e9rature agricole pour : ma\u00efs, bl\u00e9, orge,.. Plage de mesure de temp\u00e9ratures : -10 \u00e0 +70\u00b0C avec \u00e9cran \u00e0 affichage digital .","breadcrumb":{"@id":"https:\/\/www.hamel-france.com\/boutique\/produit\/sonde-de-temperature-lg-2m\/#breadcrumb"},"inLanguage":"fr-FR","potentialAction":[{"@type":"ReadAction","target":["https:\/\/www.hamel-france.com\/boutique\/produit\/sonde-de-temperature-lg-2m\/"]}]},{"@type":"BreadcrumbList","@id":"https:\/\/www.hamel-france.com\/boutique\/produit\/sonde-de-temperature-lg-2m\/#breadcrumb","itemListElement":[{"@type":"ListItem","position":1,"name":"Accueil","item":"https:\/\/www.hamel-france.com\/boutique\/"},{"@type":"ListItem","position":2,"name":"Boutique","item":"https:\/\/www.hamel-france.com\/boutique\/boutique\/"},{"@type":"ListItem","position":3,"name":"Sonde de temp\u00e9rature des grains Lg 2.00m avec pointe Inox et affichage digital (pile 1.5V)"}]},{"@type":"WebSite","@id":"https:\/\/www.hamel-france.com\/boutique\/#website","url":"https:\/\/www.hamel-france.com\/boutique\/","name":"Boutique Hamel","description":"Vente en ligne d&#039;\u00e9quipements&lt;br \/&gt; pour le stockage du grain et le mat\u00e9riel d&#039;\u00e9levage","publisher":{"@id":"https:\/\/www.hamel-france.com\/boutique\/#organization"},"potentialAction":[{"@type":"SearchAction","target":{"@type":"EntryPoint","urlTemplate":"https:\/\/www.hamel-france.com\/boutique\/?s={search_term_string}"},"query-input":"required name=search_term_string"}],"inLanguage":"fr-FR"},{"@type":"Organization","@id":"https:\/\/www.hamel-france.com\/boutique\/#organization","name":"Boutique Hamel","url":"https:\/\/www.hamel-france.com\/boutique\/","logo":{"@type":"ImageObject","inLanguage":"fr-FR","@id":"https:\/\/www.hamel-france.com\/boutique\/#\/schema\/logo\/image\/","url":"https:\/\/www.hamel-france.com\/boutique\/wp-content\/uploads\/sites\/2\/2018\/01\/logo-hamel.png","contentUrl":"https:\/\/www.hamel-france.com\/boutique\/wp-content\/uploads\/sites\/2\/2018\/01\/logo-hamel.png","width":470,"height":110,"caption":"Boutique Hamel"},"image":{"@id":"https:\/\/www.hamel-france.com\/boutique\/#\/schema\/logo\/image\/"}}]}},"_links":{"self":[{"href":"https:\/\/www.hamel-france.com\/boutique\/wp-json\/wp\/v2\/product\/530"}],"collection":[{"href":"https:\/\/www.hamel-france.com\/boutique\/wp-json\/wp\/v2\/product"}],"about":[{"href":"https:\/\/www.hamel-france.com\/boutique\/wp-json\/wp\/v2\/types\/product"}],"wp:featuredmedia":[{"embeddable":true,"href":"https:\/\/www.hamel-france.com\/boutique\/wp-json\/wp\/v2\/media\/80"}],"wp:attachment":[{"href":"https:\/\/www.hamel-france.com\/boutique\/wp-json\/wp\/v2\/media?parent=530"}],"wp:term":[{"taxonomy":"product_cat","embeddable":true,"href":"https:\/\/www.hamel-france.com\/boutique\/wp-json\/wp\/v2\/product_cat?post=530"},{"taxonomy":"product_tag","embeddable":true,"href":"https:\/\/www.hamel-france.com\/boutique\/wp-json\/wp\/v2\/product_tag?post=530"}],"curies":[{"name":"wp","href":"https:\/\/api.w.org\/{rel}","templated":true}]}}

Sonde de température des grains Lg 2.00m avec pointe Inox et affichage digital (pile 1.5V)

<h2>Sonde de température avec pointe inox et cadran d&#8217;affichage.</h2>
<p>Cette <strong>sonde de température</strong> s’enfonce facilement dans les tas de céréales (maïs, blé, orge,&#8230;) grâce à sa pointe en inox et son grand écran à affichage digital permet une lecture directe et rapide.</p>
<p>Cette sonde a une <strong>plage de mesure de températures allant de -10 à +70°C</strong>.</p>
<p>La qualité des matériaux utilisés pour cette sonde lui confère une grande robustesse :</p>
<ul>
<li>tige en fibre de verre</li>
<li>extrémité conique en inox</li>
</ul>
<p>Longueur de la sonde : 2m</p>
<p>Étendue de mesure: -10 à +70 °C</p>
<p>Précision (pointe): ± 1 °C</p>
<p>Pour <b>prévenir les risques</b> liés à la conservation de vos stocks, une <b>surveillance régulière de la température</b> est essentielle. Elle permet d&#8217;éviter la prolifération des insectes et des moisissures, <b>préservant ainsi la qualité et la valeur à long terme</b> de votre récolte</p>
<p><em>Des sondes spécifiques sont disponibles pour :</em> <em>le foin, la paille, l’ensilage ainsi que le compost, demandez un devis<strong><a href="http://www.hamel-france.com/boutique/contact/" target="_blank" rel="noopener noreferrer"> ici</a></strong></em></p>
<p>&nbsp;</p>
<p>&nbsp;</p>
<p>&nbsp;</p>

<p>Sonde de température agricole Lg:2m</p>

<!-- This site is optimized with the Yoast SEO plugin v21.7 - https://yoast.com/wordpress/plugins/seo/ -->
<title>Sonde de température des grains Lg:2m | Matériels pour Céréaliers</title>
<meta name="description" content="Sonde de température agricole pour : maïs, blé, orge,.. Plage de mesure de températures : -10 à +70°C avec écran à affichage digital ." />
<meta name="robots" content="index, follow, max-snippet:-1, max-image-preview:large, max-video-preview:-1" />
<link rel="canonical" href="https://www.hamel-france.com/boutique/produit/sonde-de-temperature-lg-2m/" />
<meta property="og:locale" content="fr_FR" />
<meta property="og:type" content="article" />
<meta property="og:title" content="Sonde de température des grains Lg:2m | Matériels pour Céréaliers" />
<meta property="og:description" content="Sonde de température agricole pour : maïs, blé, orge,.. Plage de mesure de températures : -10 à +70°C avec écran à affichage digital ." />
<meta property="og:url" content="https://www.hamel-france.com/boutique/produit/sonde-de-temperature-lg-2m/" />
<meta property="og:site_name" content="Boutique Hamel" />
<meta property="article:modified_time" content="2026-01-28T10:32:59+00:00" />
<meta property="og:image" content="https://www.hamel-france.com/boutique/wp-content/uploads/sites/2/2017/11/SONDE-GT1.jpg" />
	<meta property="og:image:width" content="718" />
	<meta property="og:image:height" content="718" />
	<meta property="og:image:type" content="image/jpeg" />
<meta name="twitter:card" content="summary_large_image" />
<meta name="twitter:label1" content="Durée de lecture estimée" />
	<meta name="twitter:data1" content="1 minute" />
<script type="application/ld+json" class="yoast-schema-graph">{"@context":"https://schema.org","@graph":[{"@type":"WebPage","@id":"https://www.hamel-france.com/boutique/produit/sonde-de-temperature-lg-2m/","url":"https://www.hamel-france.com/boutique/produit/sonde-de-temperature-lg-2m/","name":"Sonde de température des grains Lg:2m | Matériels pour Céréaliers","isPartOf":{"@id":"https://www.hamel-france.com/boutique/#website"},"datePublished":"2018-07-10T07:12:47+00:00","dateModified":"2026-01-28T10:32:59+00:00","description":"Sonde de température agricole pour : maïs, blé, orge,.. Plage de mesure de températures : -10 à +70°C avec écran à affichage digital .","breadcrumb":{"@id":"https://www.hamel-france.com/boutique/produit/sonde-de-temperature-lg-2m/#breadcrumb"},"inLanguage":"fr-FR","potentialAction":[{"@type":"ReadAction","target":["https://www.hamel-france.com/boutique/produit/sonde-de-temperature-lg-2m/"]}]},{"@type":"BreadcrumbList","@id":"https://www.hamel-france.com/boutique/produit/sonde-de-temperature-lg-2m/#breadcrumb","itemListElement":[{"@type":"ListItem","position":1,"name":"Accueil","item":"https://www.hamel-france.com/boutique/"},{"@type":"ListItem","position":2,"name":"Boutique","item":"https://www.hamel-france.com/boutique/boutique/"},{"@type":"ListItem","position":3,"name":"Sonde de température des grains Lg 2.00m avec pointe Inox et affichage digital (pile 1.5V)"}]},{"@type":"WebSite","@id":"https://www.hamel-france.com/boutique/#website","url":"https://www.hamel-france.com/boutique/","name":"Boutique Hamel","description":"Vente en ligne d&#039;équipements&lt;br /&gt; pour le stockage du grain et le matériel d&#039;élevage","publisher":{"@id":"https://www.hamel-france.com/boutique/#organization"},"potentialAction":[{"@type":"SearchAction","target":{"@type":"EntryPoint","urlTemplate":"https://www.hamel-france.com/boutique/?s={search_term_string}"},"query-input":"required name=search_term_string"}],"inLanguage":"fr-FR"},{"@type":"Organization","@id":"https://www.hamel-france.com/boutique/#organization","name":"Boutique Hamel","url":"https://www.hamel-france.com/boutique/","logo":{"@type":"ImageObject","inLanguage":"fr-FR","@id":"https://www.hamel-france.com/boutique/#/schema/logo/image/","url":"https://www.hamel-france.com/boutique/wp-content/uploads/sites/2/2018/01/logo-hamel.png","contentUrl":"https://www.hamel-france.com/boutique/wp-content/uploads/sites/2/2018/01/logo-hamel.png","width":470,"height":110,"caption":"Boutique Hamel"},"image":{"@id":"https://www.hamel-france.com/boutique/#/schema/logo/image/"}}]}</script>
<!-- / Yoast SEO plugin. -->

Sonde de température des grains Lg:2m | Matériels pour Céréaliers

Sonde de température agricole pour : maïs, blé, orge,.. Plage de mesure de températures : -10 à +70°C avec écran à affichage digital .

Vente en ligne d&#039;équipements&lt;br /&gt; pour le stockage du grain et le matériel d&#039;élevage
