{"id":36910,"date":"2026-04-30T16:40:40","date_gmt":"2026-04-30T14:40:40","guid":{"rendered":"https:\/\/www.hamel-france.com\/boutique\/?post_type=product&#038;p=36910"},"modified":"2026-05-11T10:05:39","modified_gmt":"2026-05-11T08:05:39","slug":"supports-de-plancher-perfore-pour-silos-hauteur-340-mm","status":"publish","type":"product","link":"https:\/\/www.hamel-france.com\/boutique\/produit\/supports-de-plancher-perfore-pour-silos-hauteur-340-mm\/","title":{"rendered":"Supports de soutien pour plancher de Cellules Hauteur 340 mm"},"content":{"rendered":"<h2>Pied de soutien pour plancher de silo (H. 340 mm)<\/h2>\n<p>L&#8217;\u00e9l\u00e9ment structurel indispensable pour votre installation de stockage agricole. <span data-path-to-node=\"4,0\">Ces <b data-path-to-node=\"4,0\" data-index-in-node=\"154\">pieds de soutien de 340 mm<\/b> sont con\u00e7us pour supporter les contraintes m\u00e9caniques les plus exigeantes des <b data-path-to-node=\"4,0\" data-index-in-node=\"259\">silos de stockage agricole<\/b><\/span><span data-path-to-node=\"4,2\">. En cr\u00e9ant un espace vide rigide sous les grilles, ils permettent une gestion optimale du <b data-path-to-node=\"4,2\" data-index-in-node=\"91\">pl\u00e9num<\/b><span data-path-to-node=\"4,2\" data-index-in-node=\"91\">.<\/span><\/span><\/p>\n<p><strong>Domaines d&#8217;application :<\/strong><\/p>\n<ul>\n<li>Silos de stockage c\u00e9r\u00e9ales et grains longue dur\u00e9e.<\/li>\n<li>Planchers perfor\u00e9s pour le refroidissement.<\/li>\n<\/ul>\n<p>&nbsp;<\/p>\n","protected":false},"excerpt":{"rendered":"<ul>\n<li data-path-to-node=\"10,0,0\"><b data-path-to-node=\"10,0,0\" data-index-in-node=\"0\">Type de produit :<\/b> Pied de soutien pour plancher perfor\u00e9 de cellules \u00e0 grains.<\/li>\n<li data-path-to-node=\"10,0,0\"><b data-path-to-node=\"10,1,0\" data-index-in-node=\"0\">Hauteur standard :<\/b> 340 mm.<\/li>\n<\/ul>\n<p><strong>R\u00e9approvisionnement pr\u00e9vu fin juin 2026<\/strong>: pour une livraison courant juillet. <strong>R\u00e9servez d\u00e8s maintenant au 05.63.64.48.48.<\/strong><\/p>\n","protected":false},"featured_media":36914,"template":"","meta":{"_mi_skip_tracking":false,"_exactmetrics_sitenote_active":false,"_exactmetrics_sitenote_note":"","_exactmetrics_sitenote_category":0},"product_cat":[74,49],"product_tag":[],"acf":[],"yoast_head":"<!-- This site is optimized with the Yoast SEO plugin v21.7 - https:\/\/yoast.com\/wordpress\/plugins\/seo\/ -->\n<title>Supports de Plancher Perfor\u00e9 pour Silos \u2013 Hauteur 340 mm<\/title>\n<meta name=\"description\" content=\"Supports de plancher perfor\u00e9 340mm pour silos et cellules \u00e0 grains.\" \/>\n<meta name=\"robots\" content=\"index, follow, max-snippet:-1, max-image-preview:large, max-video-preview:-1\" \/>\n<link rel=\"canonical\" href=\"https:\/\/www.hamel-france.com\/boutique\/produit\/supports-de-plancher-perfore-pour-silos-hauteur-340-mm\/\" \/>\n<meta property=\"og:locale\" content=\"fr_FR\" \/>\n<meta property=\"og:type\" content=\"article\" \/>\n<meta property=\"og:title\" content=\"Supports de Plancher Perfor\u00e9 pour Silos \u2013 Hauteur 340 mm\" \/>\n<meta property=\"og:description\" content=\"Supports de plancher perfor\u00e9 340mm pour silos et cellules \u00e0 grains.\" \/>\n<meta property=\"og:url\" content=\"https:\/\/www.hamel-france.com\/boutique\/produit\/supports-de-plancher-perfore-pour-silos-hauteur-340-mm\/\" \/>\n<meta property=\"og:site_name\" content=\"Boutique Hamel\" \/>\n<meta property=\"article:modified_time\" content=\"2026-05-11T08:05:39+00:00\" \/>\n<meta property=\"og:image\" content=\"https:\/\/www.hamel-france.com\/boutique\/wp-content\/uploads\/sites\/2\/2026\/04\/support-de-plancher-perfore-pour-cellule-grain-silo-cereale-340mm-hamel.jpg\" \/>\n\t<meta property=\"og:image:width\" content=\"1200\" \/>\n\t<meta property=\"og:image:height\" content=\"1200\" \/>\n\t<meta property=\"og:image:type\" content=\"image\/jpeg\" \/>\n<meta name=\"twitter:card\" content=\"summary_large_image\" \/>\n<meta name=\"twitter:label1\" content=\"Dur\u00e9e de lecture estim\u00e9e\" \/>\n\t<meta name=\"twitter:data1\" content=\"1 minute\" \/>\n<script type=\"application\/ld+json\" class=\"yoast-schema-graph\">{\"@context\":\"https:\/\/schema.org\",\"@graph\":[{\"@type\":\"WebPage\",\"@id\":\"https:\/\/www.hamel-france.com\/boutique\/produit\/supports-de-plancher-perfore-pour-silos-hauteur-340-mm\/\",\"url\":\"https:\/\/www.hamel-france.com\/boutique\/produit\/supports-de-plancher-perfore-pour-silos-hauteur-340-mm\/\",\"name\":\"Supports de Plancher Perfor\u00e9 pour Silos \u2013 Hauteur 340 mm\",\"isPartOf\":{\"@id\":\"https:\/\/www.hamel-france.com\/boutique\/#website\"},\"datePublished\":\"2026-04-30T14:40:40+00:00\",\"dateModified\":\"2026-05-11T08:05:39+00:00\",\"description\":\"Supports de plancher perfor\u00e9 340mm pour silos et cellules \u00e0 grains.\",\"breadcrumb\":{\"@id\":\"https:\/\/www.hamel-france.com\/boutique\/produit\/supports-de-plancher-perfore-pour-silos-hauteur-340-mm\/#breadcrumb\"},\"inLanguage\":\"fr-FR\",\"potentialAction\":[{\"@type\":\"ReadAction\",\"target\":[\"https:\/\/www.hamel-france.com\/boutique\/produit\/supports-de-plancher-perfore-pour-silos-hauteur-340-mm\/\"]}]},{\"@type\":\"BreadcrumbList\",\"@id\":\"https:\/\/www.hamel-france.com\/boutique\/produit\/supports-de-plancher-perfore-pour-silos-hauteur-340-mm\/#breadcrumb\",\"itemListElement\":[{\"@type\":\"ListItem\",\"position\":1,\"name\":\"Accueil\",\"item\":\"https:\/\/www.hamel-france.com\/boutique\/\"},{\"@type\":\"ListItem\",\"position\":2,\"name\":\"Boutique\",\"item\":\"https:\/\/www.hamel-france.com\/boutique\/boutique\/\"},{\"@type\":\"ListItem\",\"position\":3,\"name\":\"Supports de soutien pour plancher de Cellules Hauteur 340 mm\"}]},{\"@type\":\"WebSite\",\"@id\":\"https:\/\/www.hamel-france.com\/boutique\/#website\",\"url\":\"https:\/\/www.hamel-france.com\/boutique\/\",\"name\":\"Boutique Hamel\",\"description\":\"Vente en ligne d&#039;\u00e9quipements&lt;br \/&gt; pour le stockage du grain et le mat\u00e9riel d&#039;\u00e9levage\",\"publisher\":{\"@id\":\"https:\/\/www.hamel-france.com\/boutique\/#organization\"},\"potentialAction\":[{\"@type\":\"SearchAction\",\"target\":{\"@type\":\"EntryPoint\",\"urlTemplate\":\"https:\/\/www.hamel-france.com\/boutique\/?s={search_term_string}\"},\"query-input\":\"required name=search_term_string\"}],\"inLanguage\":\"fr-FR\"},{\"@type\":\"Organization\",\"@id\":\"https:\/\/www.hamel-france.com\/boutique\/#organization\",\"name\":\"Boutique Hamel\",\"url\":\"https:\/\/www.hamel-france.com\/boutique\/\",\"logo\":{\"@type\":\"ImageObject\",\"inLanguage\":\"fr-FR\",\"@id\":\"https:\/\/www.hamel-france.com\/boutique\/#\/schema\/logo\/image\/\",\"url\":\"https:\/\/www.hamel-france.com\/boutique\/wp-content\/uploads\/sites\/2\/2018\/01\/logo-hamel.png\",\"contentUrl\":\"https:\/\/www.hamel-france.com\/boutique\/wp-content\/uploads\/sites\/2\/2018\/01\/logo-hamel.png\",\"width\":470,\"height\":110,\"caption\":\"Boutique Hamel\"},\"image\":{\"@id\":\"https:\/\/www.hamel-france.com\/boutique\/#\/schema\/logo\/image\/\"}}]}<\/script>\n<!-- \/ Yoast SEO plugin. -->","yoast_head_json":{"title":"Supports de Plancher Perfor\u00e9 pour Silos \u2013 Hauteur 340 mm","description":"Supports de plancher perfor\u00e9 340mm pour silos et cellules \u00e0 grains.","robots":{"index":"index","follow":"follow","max-snippet":"max-snippet:-1","max-image-preview":"max-image-preview:large","max-video-preview":"max-video-preview:-1"},"canonical":"https:\/\/www.hamel-france.com\/boutique\/produit\/supports-de-plancher-perfore-pour-silos-hauteur-340-mm\/","og_locale":"fr_FR","og_type":"article","og_title":"Supports de Plancher Perfor\u00e9 pour Silos \u2013 Hauteur 340 mm","og_description":"Supports de plancher perfor\u00e9 340mm pour silos et cellules \u00e0 grains.","og_url":"https:\/\/www.hamel-france.com\/boutique\/produit\/supports-de-plancher-perfore-pour-silos-hauteur-340-mm\/","og_site_name":"Boutique Hamel","article_modified_time":"2026-05-11T08:05:39+00:00","og_image":[{"width":1200,"height":1200,"url":"https:\/\/www.hamel-france.com\/boutique\/wp-content\/uploads\/sites\/2\/2026\/04\/support-de-plancher-perfore-pour-cellule-grain-silo-cereale-340mm-hamel.jpg","type":"image\/jpeg"}],"twitter_card":"summary_large_image","twitter_misc":{"Dur\u00e9e de lecture estim\u00e9e":"1 minute"},"schema":{"@context":"https:\/\/schema.org","@graph":[{"@type":"WebPage","@id":"https:\/\/www.hamel-france.com\/boutique\/produit\/supports-de-plancher-perfore-pour-silos-hauteur-340-mm\/","url":"https:\/\/www.hamel-france.com\/boutique\/produit\/supports-de-plancher-perfore-pour-silos-hauteur-340-mm\/","name":"Supports de Plancher Perfor\u00e9 pour Silos \u2013 Hauteur 340 mm","isPartOf":{"@id":"https:\/\/www.hamel-france.com\/boutique\/#website"},"datePublished":"2026-04-30T14:40:40+00:00","dateModified":"2026-05-11T08:05:39+00:00","description":"Supports de plancher perfor\u00e9 340mm pour silos et cellules \u00e0 grains.","breadcrumb":{"@id":"https:\/\/www.hamel-france.com\/boutique\/produit\/supports-de-plancher-perfore-pour-silos-hauteur-340-mm\/#breadcrumb"},"inLanguage":"fr-FR","potentialAction":[{"@type":"ReadAction","target":["https:\/\/www.hamel-france.com\/boutique\/produit\/supports-de-plancher-perfore-pour-silos-hauteur-340-mm\/"]}]},{"@type":"BreadcrumbList","@id":"https:\/\/www.hamel-france.com\/boutique\/produit\/supports-de-plancher-perfore-pour-silos-hauteur-340-mm\/#breadcrumb","itemListElement":[{"@type":"ListItem","position":1,"name":"Accueil","item":"https:\/\/www.hamel-france.com\/boutique\/"},{"@type":"ListItem","position":2,"name":"Boutique","item":"https:\/\/www.hamel-france.com\/boutique\/boutique\/"},{"@type":"ListItem","position":3,"name":"Supports de soutien pour plancher de Cellules Hauteur 340 mm"}]},{"@type":"WebSite","@id":"https:\/\/www.hamel-france.com\/boutique\/#website","url":"https:\/\/www.hamel-france.com\/boutique\/","name":"Boutique Hamel","description":"Vente en ligne d&#039;\u00e9quipements&lt;br \/&gt; pour le stockage du grain et le mat\u00e9riel d&#039;\u00e9levage","publisher":{"@id":"https:\/\/www.hamel-france.com\/boutique\/#organization"},"potentialAction":[{"@type":"SearchAction","target":{"@type":"EntryPoint","urlTemplate":"https:\/\/www.hamel-france.com\/boutique\/?s={search_term_string}"},"query-input":"required name=search_term_string"}],"inLanguage":"fr-FR"},{"@type":"Organization","@id":"https:\/\/www.hamel-france.com\/boutique\/#organization","name":"Boutique Hamel","url":"https:\/\/www.hamel-france.com\/boutique\/","logo":{"@type":"ImageObject","inLanguage":"fr-FR","@id":"https:\/\/www.hamel-france.com\/boutique\/#\/schema\/logo\/image\/","url":"https:\/\/www.hamel-france.com\/boutique\/wp-content\/uploads\/sites\/2\/2018\/01\/logo-hamel.png","contentUrl":"https:\/\/www.hamel-france.com\/boutique\/wp-content\/uploads\/sites\/2\/2018\/01\/logo-hamel.png","width":470,"height":110,"caption":"Boutique Hamel"},"image":{"@id":"https:\/\/www.hamel-france.com\/boutique\/#\/schema\/logo\/image\/"}}]}},"_links":{"self":[{"href":"https:\/\/www.hamel-france.com\/boutique\/wp-json\/wp\/v2\/product\/36910"}],"collection":[{"href":"https:\/\/www.hamel-france.com\/boutique\/wp-json\/wp\/v2\/product"}],"about":[{"href":"https:\/\/www.hamel-france.com\/boutique\/wp-json\/wp\/v2\/types\/product"}],"wp:featuredmedia":[{"embeddable":true,"href":"https:\/\/www.hamel-france.com\/boutique\/wp-json\/wp\/v2\/media\/36914"}],"wp:attachment":[{"href":"https:\/\/www.hamel-france.com\/boutique\/wp-json\/wp\/v2\/media?parent=36910"}],"wp:term":[{"taxonomy":"product_cat","embeddable":true,"href":"https:\/\/www.hamel-france.com\/boutique\/wp-json\/wp\/v2\/product_cat?post=36910"},{"taxonomy":"product_tag","embeddable":true,"href":"https:\/\/www.hamel-france.com\/boutique\/wp-json\/wp\/v2\/product_tag?post=36910"}],"curies":[{"name":"wp","href":"https:\/\/api.w.org\/{rel}","templated":true}]}}