{"id":36344,"date":"2025-07-09T16:08:43","date_gmt":"2025-07-09T14:08:43","guid":{"rendered":"https:\/\/www.hamel-france.com\/boutique\/?post_type=product&#038;p=36344"},"modified":"2025-07-09T16:20:46","modified_gmt":"2025-07-09T14:20:46","slug":"gaines-de-ventilation-demi-lunes-perforees-charge-admissible-15m-de-grains","status":"publish","type":"product","link":"https:\/\/www.hamel-france.com\/boutique\/produit\/gaines-de-ventilation-demi-lunes-perforees-charge-admissible-15m-de-grains\/","title":{"rendered":"Gaines de ventilation demi-lunes perfor\u00e9es &#8211; charge admissible 15m de grains"},"content":{"rendered":"<h1><b>Gaine Demi-Lune de ventilation perfor\u00e9e, con\u00e7ue pour les stockages jusqu&#8217;\u00e0 15 m\u00e8tres de hauteur de grains<\/b>.<\/h1>\n<p>Nos <b>conduits perfor\u00e9s<\/b>, de forme demi-lune, optimisent la <b>circulation de l&#8217;air<\/b>, \u00e9liminent les <b>points chauds<\/b>\u00a0et le risque de <b>moisissures<\/b>.<\/p>\n<p>Cette solution est \u00e9galement votre meilleure alli\u00e9e contre la <b>prolif\u00e9ration des insectes.<\/b><\/p>\n<p>&nbsp;<\/p>\n","protected":false},"excerpt":{"rendered":"<p>Gaine Demi-Lune de ventilation perfor\u00e9e, con\u00e7ue pour les stockages jusqu&#8217;\u00e0 15 m\u00e8tres de hauteur de grains. Nos conduits perfor\u00e9s, de forme demi-lune, optimisent la circulation de l&#8217;air, \u00e9liminent les points chauds\u00a0et le risque de moisissures. Cette solution est \u00e9galement votre meilleure alli\u00e9e contre la prolif\u00e9ration des insectes. &nbsp;<\/p>\n","protected":false},"featured_media":36329,"template":"","meta":{"_mi_skip_tracking":false,"_exactmetrics_sitenote_active":false,"_exactmetrics_sitenote_note":"","_exactmetrics_sitenote_category":0},"product_cat":[74],"product_tag":[],"acf":[],"yoast_head":"<!-- This site is optimized with the Yoast SEO plugin v21.7 - https:\/\/yoast.com\/wordpress\/plugins\/seo\/ -->\n<title>Gaines de ventilation demi-lunes perfor\u00e9es - charge admissible 15m de grains - Boutique Hamel<\/title>\n<meta name=\"robots\" content=\"index, follow, max-snippet:-1, max-image-preview:large, max-video-preview:-1\" \/>\n<link rel=\"canonical\" href=\"https:\/\/www.hamel-france.com\/boutique\/produit\/gaines-de-ventilation-demi-lunes-perforees-charge-admissible-15m-de-grains\/\" \/>\n<meta property=\"og:locale\" content=\"fr_FR\" \/>\n<meta property=\"og:type\" content=\"article\" \/>\n<meta property=\"og:title\" content=\"Gaines de ventilation demi-lunes perfor\u00e9es - charge admissible 15m de grains - Boutique Hamel\" \/>\n<meta property=\"og:description\" content=\"Gaine Demi-Lune de ventilation perfor\u00e9e, con\u00e7ue pour les stockages jusqu&#8217;\u00e0 15 m\u00e8tres de hauteur de grains. Nos conduits perfor\u00e9s, de forme demi-lune, optimisent la circulation de l&#8217;air, \u00e9liminent les points chauds\u00a0et le risque de moisissures. Cette solution est \u00e9galement votre meilleure alli\u00e9e contre la prolif\u00e9ration des insectes. &nbsp;\" \/>\n<meta property=\"og:url\" content=\"https:\/\/www.hamel-france.com\/boutique\/produit\/gaines-de-ventilation-demi-lunes-perforees-charge-admissible-15m-de-grains\/\" \/>\n<meta property=\"og:site_name\" content=\"Boutique Hamel\" \/>\n<meta property=\"article:modified_time\" content=\"2025-07-09T14:20:46+00:00\" \/>\n<meta property=\"og:image\" content=\"https:\/\/www.hamel-france.com\/boutique\/wp-content\/uploads\/sites\/2\/2025\/07\/Gaine-Demi-Lune-perforee-de-ventilation-pour-silos-et-stockage-a-plat.jpg\" \/>\n\t<meta property=\"og:image:width\" content=\"800\" \/>\n\t<meta property=\"og:image:height\" content=\"715\" \/>\n\t<meta property=\"og:image:type\" content=\"image\/jpeg\" \/>\n<meta name=\"twitter:card\" content=\"summary_large_image\" \/>\n<meta name=\"twitter:label1\" content=\"Dur\u00e9e de lecture estim\u00e9e\" \/>\n\t<meta name=\"twitter:data1\" content=\"1 minute\" \/>\n<script type=\"application\/ld+json\" class=\"yoast-schema-graph\">{\"@context\":\"https:\/\/schema.org\",\"@graph\":[{\"@type\":\"WebPage\",\"@id\":\"https:\/\/www.hamel-france.com\/boutique\/produit\/gaines-de-ventilation-demi-lunes-perforees-charge-admissible-15m-de-grains\/\",\"url\":\"https:\/\/www.hamel-france.com\/boutique\/produit\/gaines-de-ventilation-demi-lunes-perforees-charge-admissible-15m-de-grains\/\",\"name\":\"Gaines de ventilation demi-lunes perfor\u00e9es - charge admissible 15m de grains - Boutique Hamel\",\"isPartOf\":{\"@id\":\"https:\/\/www.hamel-france.com\/boutique\/#website\"},\"datePublished\":\"2025-07-09T14:08:43+00:00\",\"dateModified\":\"2025-07-09T14:20:46+00:00\",\"breadcrumb\":{\"@id\":\"https:\/\/www.hamel-france.com\/boutique\/produit\/gaines-de-ventilation-demi-lunes-perforees-charge-admissible-15m-de-grains\/#breadcrumb\"},\"inLanguage\":\"fr-FR\",\"potentialAction\":[{\"@type\":\"ReadAction\",\"target\":[\"https:\/\/www.hamel-france.com\/boutique\/produit\/gaines-de-ventilation-demi-lunes-perforees-charge-admissible-15m-de-grains\/\"]}]},{\"@type\":\"BreadcrumbList\",\"@id\":\"https:\/\/www.hamel-france.com\/boutique\/produit\/gaines-de-ventilation-demi-lunes-perforees-charge-admissible-15m-de-grains\/#breadcrumb\",\"itemListElement\":[{\"@type\":\"ListItem\",\"position\":1,\"name\":\"Accueil\",\"item\":\"https:\/\/www.hamel-france.com\/boutique\/\"},{\"@type\":\"ListItem\",\"position\":2,\"name\":\"Boutique\",\"item\":\"https:\/\/www.hamel-france.com\/boutique\/boutique\/\"},{\"@type\":\"ListItem\",\"position\":3,\"name\":\"Gaines de ventilation demi-lunes perfor\u00e9es &#8211; charge admissible 15m de grains\"}]},{\"@type\":\"WebSite\",\"@id\":\"https:\/\/www.hamel-france.com\/boutique\/#website\",\"url\":\"https:\/\/www.hamel-france.com\/boutique\/\",\"name\":\"Boutique Hamel\",\"description\":\"Vente en ligne d&#039;\u00e9quipements&lt;br \/&gt; pour le stockage du grain et le mat\u00e9riel d&#039;\u00e9levage\",\"publisher\":{\"@id\":\"https:\/\/www.hamel-france.com\/boutique\/#organization\"},\"potentialAction\":[{\"@type\":\"SearchAction\",\"target\":{\"@type\":\"EntryPoint\",\"urlTemplate\":\"https:\/\/www.hamel-france.com\/boutique\/?s={search_term_string}\"},\"query-input\":\"required name=search_term_string\"}],\"inLanguage\":\"fr-FR\"},{\"@type\":\"Organization\",\"@id\":\"https:\/\/www.hamel-france.com\/boutique\/#organization\",\"name\":\"Boutique Hamel\",\"url\":\"https:\/\/www.hamel-france.com\/boutique\/\",\"logo\":{\"@type\":\"ImageObject\",\"inLanguage\":\"fr-FR\",\"@id\":\"https:\/\/www.hamel-france.com\/boutique\/#\/schema\/logo\/image\/\",\"url\":\"https:\/\/www.hamel-france.com\/boutique\/wp-content\/uploads\/sites\/2\/2018\/01\/logo-hamel.png\",\"contentUrl\":\"https:\/\/www.hamel-france.com\/boutique\/wp-content\/uploads\/sites\/2\/2018\/01\/logo-hamel.png\",\"width\":470,\"height\":110,\"caption\":\"Boutique Hamel\"},\"image\":{\"@id\":\"https:\/\/www.hamel-france.com\/boutique\/#\/schema\/logo\/image\/\"}}]}<\/script>\n<!-- \/ Yoast SEO plugin. -->","yoast_head_json":{"title":"Gaines de ventilation demi-lunes perfor\u00e9es - charge admissible 15m de grains - Boutique Hamel","robots":{"index":"index","follow":"follow","max-snippet":"max-snippet:-1","max-image-preview":"max-image-preview:large","max-video-preview":"max-video-preview:-1"},"canonical":"https:\/\/www.hamel-france.com\/boutique\/produit\/gaines-de-ventilation-demi-lunes-perforees-charge-admissible-15m-de-grains\/","og_locale":"fr_FR","og_type":"article","og_title":"Gaines de ventilation demi-lunes perfor\u00e9es - charge admissible 15m de grains - Boutique Hamel","og_description":"Gaine Demi-Lune de ventilation perfor\u00e9e, con\u00e7ue pour les stockages jusqu&#8217;\u00e0 15 m\u00e8tres de hauteur de grains. Nos conduits perfor\u00e9s, de forme demi-lune, optimisent la circulation de l&#8217;air, \u00e9liminent les points chauds\u00a0et le risque de moisissures. Cette solution est \u00e9galement votre meilleure alli\u00e9e contre la prolif\u00e9ration des insectes. &nbsp;","og_url":"https:\/\/www.hamel-france.com\/boutique\/produit\/gaines-de-ventilation-demi-lunes-perforees-charge-admissible-15m-de-grains\/","og_site_name":"Boutique Hamel","article_modified_time":"2025-07-09T14:20:46+00:00","og_image":[{"width":800,"height":715,"url":"https:\/\/www.hamel-france.com\/boutique\/wp-content\/uploads\/sites\/2\/2025\/07\/Gaine-Demi-Lune-perforee-de-ventilation-pour-silos-et-stockage-a-plat.jpg","type":"image\/jpeg"}],"twitter_card":"summary_large_image","twitter_misc":{"Dur\u00e9e de lecture estim\u00e9e":"1 minute"},"schema":{"@context":"https:\/\/schema.org","@graph":[{"@type":"WebPage","@id":"https:\/\/www.hamel-france.com\/boutique\/produit\/gaines-de-ventilation-demi-lunes-perforees-charge-admissible-15m-de-grains\/","url":"https:\/\/www.hamel-france.com\/boutique\/produit\/gaines-de-ventilation-demi-lunes-perforees-charge-admissible-15m-de-grains\/","name":"Gaines de ventilation demi-lunes perfor\u00e9es - charge admissible 15m de grains - Boutique Hamel","isPartOf":{"@id":"https:\/\/www.hamel-france.com\/boutique\/#website"},"datePublished":"2025-07-09T14:08:43+00:00","dateModified":"2025-07-09T14:20:46+00:00","breadcrumb":{"@id":"https:\/\/www.hamel-france.com\/boutique\/produit\/gaines-de-ventilation-demi-lunes-perforees-charge-admissible-15m-de-grains\/#breadcrumb"},"inLanguage":"fr-FR","potentialAction":[{"@type":"ReadAction","target":["https:\/\/www.hamel-france.com\/boutique\/produit\/gaines-de-ventilation-demi-lunes-perforees-charge-admissible-15m-de-grains\/"]}]},{"@type":"BreadcrumbList","@id":"https:\/\/www.hamel-france.com\/boutique\/produit\/gaines-de-ventilation-demi-lunes-perforees-charge-admissible-15m-de-grains\/#breadcrumb","itemListElement":[{"@type":"ListItem","position":1,"name":"Accueil","item":"https:\/\/www.hamel-france.com\/boutique\/"},{"@type":"ListItem","position":2,"name":"Boutique","item":"https:\/\/www.hamel-france.com\/boutique\/boutique\/"},{"@type":"ListItem","position":3,"name":"Gaines de ventilation demi-lunes perfor\u00e9es &#8211; charge admissible 15m de grains"}]},{"@type":"WebSite","@id":"https:\/\/www.hamel-france.com\/boutique\/#website","url":"https:\/\/www.hamel-france.com\/boutique\/","name":"Boutique Hamel","description":"Vente en ligne d&#039;\u00e9quipements&lt;br \/&gt; pour le stockage du grain et le mat\u00e9riel d&#039;\u00e9levage","publisher":{"@id":"https:\/\/www.hamel-france.com\/boutique\/#organization"},"potentialAction":[{"@type":"SearchAction","target":{"@type":"EntryPoint","urlTemplate":"https:\/\/www.hamel-france.com\/boutique\/?s={search_term_string}"},"query-input":"required name=search_term_string"}],"inLanguage":"fr-FR"},{"@type":"Organization","@id":"https:\/\/www.hamel-france.com\/boutique\/#organization","name":"Boutique Hamel","url":"https:\/\/www.hamel-france.com\/boutique\/","logo":{"@type":"ImageObject","inLanguage":"fr-FR","@id":"https:\/\/www.hamel-france.com\/boutique\/#\/schema\/logo\/image\/","url":"https:\/\/www.hamel-france.com\/boutique\/wp-content\/uploads\/sites\/2\/2018\/01\/logo-hamel.png","contentUrl":"https:\/\/www.hamel-france.com\/boutique\/wp-content\/uploads\/sites\/2\/2018\/01\/logo-hamel.png","width":470,"height":110,"caption":"Boutique Hamel"},"image":{"@id":"https:\/\/www.hamel-france.com\/boutique\/#\/schema\/logo\/image\/"}}]}},"_links":{"self":[{"href":"https:\/\/www.hamel-france.com\/boutique\/wp-json\/wp\/v2\/product\/36344"}],"collection":[{"href":"https:\/\/www.hamel-france.com\/boutique\/wp-json\/wp\/v2\/product"}],"about":[{"href":"https:\/\/www.hamel-france.com\/boutique\/wp-json\/wp\/v2\/types\/product"}],"wp:featuredmedia":[{"embeddable":true,"href":"https:\/\/www.hamel-france.com\/boutique\/wp-json\/wp\/v2\/media\/36329"}],"wp:attachment":[{"href":"https:\/\/www.hamel-france.com\/boutique\/wp-json\/wp\/v2\/media?parent=36344"}],"wp:term":[{"taxonomy":"product_cat","embeddable":true,"href":"https:\/\/www.hamel-france.com\/boutique\/wp-json\/wp\/v2\/product_cat?post=36344"},{"taxonomy":"product_tag","embeddable":true,"href":"https:\/\/www.hamel-france.com\/boutique\/wp-json\/wp\/v2\/product_tag?post=36344"}],"curies":[{"name":"wp","href":"https:\/\/api.w.org\/{rel}","templated":true}]}}