{"id":36330,"date":"2025-07-09T11:00:24","date_gmt":"2025-07-09T09:00:24","guid":{"rendered":"https:\/\/www.hamel-france.com\/boutique\/?post_type=product&#038;p=36330"},"modified":"2026-01-06T16:09:33","modified_gmt":"2026-01-06T15:09:33","slug":"gaines-de-ventilation-demi-lunes-perforees-7m","status":"publish","type":"product","link":"https:\/\/www.hamel-france.com\/boutique\/produit\/gaines-de-ventilation-demi-lunes-perforees-7m\/","title":{"rendered":"Gaines de ventilation demi-lunes perfor\u00e9es &#8211; charge admissible 7m de grains"},"content":{"rendered":"<h2>Choisir la Bonne Gaine Demi-Lune<\/h2>\n<p>Nos <b>gaines demi-lune de ventilation<\/b> sont une solution \u00e9conomique et tr\u00e8s efficace pour les stockages \u00e0 plat et les silos. Pour bien choisir votre mod\u00e8le, tenez compte de :<\/p>\n<ul>\n<li><b>La hauteur de votre stock de grains :<\/b> Chaque mod\u00e8le de gaine est con\u00e7u pour supporter une charge admissible sp\u00e9cifique (par exemple, 7m, 10m ou 15m). Adaptez votre choix \u00e0 la hauteur maximale de votre tas de grains.<\/li>\n<li><b>Le type de grain :<\/b> Si vous stockez des cultures plus fines ou plus sensibles (comme le colza), optez pour des perforations adapt\u00e9es (souvent plus petites) qui garantissent une meilleure diffusion de l&#8217;air sans laisser passer les graines.<\/li>\n<li><b>La largeur de la gaine :<\/b> Une gaine plus large offre un plus grand passage d&#8217;air, id\u00e9al pour de gros volumes ou une ventilation plus rapide.<\/li>\n<\/ul>\n<p>Solution \u00e9prouv\u00e9e pour une a\u00e9ration efficace et \u00e9conomique de vos c\u00e9r\u00e9ales (bl\u00e9, ma\u00efs, etc.).<\/p>\n<p>&nbsp;<\/p>\n","protected":false},"excerpt":{"rendered":"<p>Optimisez la conservation de vos r\u00e9coltes avec nos <b data-path-to-node=\"3\" data-index-in-node=\"53\">gaines de ventilation demi-lune<\/b> con\u00e7ues pour les stockages de c\u00e9r\u00e9ales . Que ce soit en silo ou en stockage \u00e0 plat, cette solution garantit une circulation d\u2019air homog\u00e8ne pour pr\u00e9venir l&#8217;\u00e9chauffement et pr\u00e9server la qualit\u00e9 de vos grains.<\/p>\n<ul>\n<li><strong>Livraison franco de port<\/strong><\/li>\n<\/ul>\n<p>Disponible en lot de : <strong>10 unit\u00e9s, 25 unit\u00e9s, 50 unit\u00e9s, 75 unit\u00e9s, 100 unit\u00e9s, 125 unit\u00e9s et 150 unit\u00e9s<\/strong>. Pour de plus grande quantit\u00e9 merci de nous contacter au : 05.63.64.48.48<\/p>\n","protected":false},"featured_media":36329,"template":"","meta":{"_mi_skip_tracking":false,"_exactmetrics_sitenote_active":false,"_exactmetrics_sitenote_note":"","_exactmetrics_sitenote_category":0},"product_cat":[74],"product_tag":[],"acf":[],"yoast_head":"<!-- This site is optimized with the Yoast SEO plugin v21.7 - https:\/\/yoast.com\/wordpress\/plugins\/seo\/ -->\n<title>Gaines de ventilation demi-lunes perfor\u00e9es - charge admissible 7m de grains - Boutique Hamel<\/title>\n<meta name=\"robots\" content=\"index, follow, max-snippet:-1, max-image-preview:large, max-video-preview:-1\" \/>\n<link rel=\"canonical\" href=\"https:\/\/www.hamel-france.com\/boutique\/produit\/gaines-de-ventilation-demi-lunes-perforees-7m\/\" \/>\n<meta property=\"og:locale\" content=\"fr_FR\" \/>\n<meta property=\"og:type\" content=\"article\" \/>\n<meta property=\"og:title\" content=\"Gaines de ventilation demi-lunes perfor\u00e9es - charge admissible 7m de grains - Boutique Hamel\" \/>\n<meta property=\"og:description\" content=\"Optimisez la conservation de vos r\u00e9coltes avec nos gaines de ventilation demi-lune con\u00e7ues pour les stockages de c\u00e9r\u00e9ales . Que ce soit en silo ou en stockage \u00e0 plat, cette solution garantit une circulation d\u2019air homog\u00e8ne pour pr\u00e9venir l&#039;\u00e9chauffement et pr\u00e9server la qualit\u00e9 de vos grains.   Livraison franco de port  Disponible en lot de : 10 unit\u00e9s, 25 unit\u00e9s, 50 unit\u00e9s, 75 unit\u00e9s, 100 unit\u00e9s, 125 unit\u00e9s et 150 unit\u00e9s. Pour de plus grande quantit\u00e9 merci de nous contacter au : 05.63.64.48.48\" \/>\n<meta property=\"og:url\" content=\"https:\/\/www.hamel-france.com\/boutique\/produit\/gaines-de-ventilation-demi-lunes-perforees-7m\/\" \/>\n<meta property=\"og:site_name\" content=\"Boutique Hamel\" \/>\n<meta property=\"article:modified_time\" content=\"2026-01-06T15:09:33+00:00\" \/>\n<meta property=\"og:image\" content=\"https:\/\/www.hamel-france.com\/boutique\/wp-content\/uploads\/sites\/2\/2025\/07\/Gaine-Demi-Lune-perforee-de-ventilation-pour-silos-et-stockage-a-plat.jpg\" \/>\n\t<meta property=\"og:image:width\" content=\"800\" \/>\n\t<meta property=\"og:image:height\" content=\"715\" \/>\n\t<meta property=\"og:image:type\" content=\"image\/jpeg\" \/>\n<meta name=\"twitter:card\" content=\"summary_large_image\" \/>\n<meta name=\"twitter:label1\" content=\"Dur\u00e9e de lecture estim\u00e9e\" \/>\n\t<meta name=\"twitter:data1\" content=\"1 minute\" \/>\n<script type=\"application\/ld+json\" class=\"yoast-schema-graph\">{\"@context\":\"https:\/\/schema.org\",\"@graph\":[{\"@type\":\"WebPage\",\"@id\":\"https:\/\/www.hamel-france.com\/boutique\/produit\/gaines-de-ventilation-demi-lunes-perforees-7m\/\",\"url\":\"https:\/\/www.hamel-france.com\/boutique\/produit\/gaines-de-ventilation-demi-lunes-perforees-7m\/\",\"name\":\"Gaines de ventilation demi-lunes perfor\u00e9es - charge admissible 7m de grains - Boutique Hamel\",\"isPartOf\":{\"@id\":\"https:\/\/www.hamel-france.com\/boutique\/#website\"},\"datePublished\":\"2025-07-09T09:00:24+00:00\",\"dateModified\":\"2026-01-06T15:09:33+00:00\",\"breadcrumb\":{\"@id\":\"https:\/\/www.hamel-france.com\/boutique\/produit\/gaines-de-ventilation-demi-lunes-perforees-7m\/#breadcrumb\"},\"inLanguage\":\"fr-FR\",\"potentialAction\":[{\"@type\":\"ReadAction\",\"target\":[\"https:\/\/www.hamel-france.com\/boutique\/produit\/gaines-de-ventilation-demi-lunes-perforees-7m\/\"]}]},{\"@type\":\"BreadcrumbList\",\"@id\":\"https:\/\/www.hamel-france.com\/boutique\/produit\/gaines-de-ventilation-demi-lunes-perforees-7m\/#breadcrumb\",\"itemListElement\":[{\"@type\":\"ListItem\",\"position\":1,\"name\":\"Accueil\",\"item\":\"https:\/\/www.hamel-france.com\/boutique\/\"},{\"@type\":\"ListItem\",\"position\":2,\"name\":\"Boutique\",\"item\":\"https:\/\/www.hamel-france.com\/boutique\/boutique\/\"},{\"@type\":\"ListItem\",\"position\":3,\"name\":\"Gaines de ventilation demi-lunes perfor\u00e9es &#8211; charge admissible 7m de grains\"}]},{\"@type\":\"WebSite\",\"@id\":\"https:\/\/www.hamel-france.com\/boutique\/#website\",\"url\":\"https:\/\/www.hamel-france.com\/boutique\/\",\"name\":\"Boutique Hamel\",\"description\":\"Vente en ligne d&#039;\u00e9quipements&lt;br \/&gt; pour le stockage du grain et le mat\u00e9riel d&#039;\u00e9levage\",\"publisher\":{\"@id\":\"https:\/\/www.hamel-france.com\/boutique\/#organization\"},\"potentialAction\":[{\"@type\":\"SearchAction\",\"target\":{\"@type\":\"EntryPoint\",\"urlTemplate\":\"https:\/\/www.hamel-france.com\/boutique\/?s={search_term_string}\"},\"query-input\":\"required name=search_term_string\"}],\"inLanguage\":\"fr-FR\"},{\"@type\":\"Organization\",\"@id\":\"https:\/\/www.hamel-france.com\/boutique\/#organization\",\"name\":\"Boutique Hamel\",\"url\":\"https:\/\/www.hamel-france.com\/boutique\/\",\"logo\":{\"@type\":\"ImageObject\",\"inLanguage\":\"fr-FR\",\"@id\":\"https:\/\/www.hamel-france.com\/boutique\/#\/schema\/logo\/image\/\",\"url\":\"https:\/\/www.hamel-france.com\/boutique\/wp-content\/uploads\/sites\/2\/2018\/01\/logo-hamel.png\",\"contentUrl\":\"https:\/\/www.hamel-france.com\/boutique\/wp-content\/uploads\/sites\/2\/2018\/01\/logo-hamel.png\",\"width\":470,\"height\":110,\"caption\":\"Boutique Hamel\"},\"image\":{\"@id\":\"https:\/\/www.hamel-france.com\/boutique\/#\/schema\/logo\/image\/\"}}]}<\/script>\n<!-- \/ Yoast SEO plugin. -->","yoast_head_json":{"title":"Gaines de ventilation demi-lunes perfor\u00e9es - charge admissible 7m de grains - Boutique Hamel","robots":{"index":"index","follow":"follow","max-snippet":"max-snippet:-1","max-image-preview":"max-image-preview:large","max-video-preview":"max-video-preview:-1"},"canonical":"https:\/\/www.hamel-france.com\/boutique\/produit\/gaines-de-ventilation-demi-lunes-perforees-7m\/","og_locale":"fr_FR","og_type":"article","og_title":"Gaines de ventilation demi-lunes perfor\u00e9es - charge admissible 7m de grains - Boutique Hamel","og_description":"Optimisez la conservation de vos r\u00e9coltes avec nos gaines de ventilation demi-lune con\u00e7ues pour les stockages de c\u00e9r\u00e9ales . Que ce soit en silo ou en stockage \u00e0 plat, cette solution garantit une circulation d\u2019air homog\u00e8ne pour pr\u00e9venir l'\u00e9chauffement et pr\u00e9server la qualit\u00e9 de vos grains.   Livraison franco de port  Disponible en lot de : 10 unit\u00e9s, 25 unit\u00e9s, 50 unit\u00e9s, 75 unit\u00e9s, 100 unit\u00e9s, 125 unit\u00e9s et 150 unit\u00e9s. Pour de plus grande quantit\u00e9 merci de nous contacter au : 05.63.64.48.48","og_url":"https:\/\/www.hamel-france.com\/boutique\/produit\/gaines-de-ventilation-demi-lunes-perforees-7m\/","og_site_name":"Boutique Hamel","article_modified_time":"2026-01-06T15:09:33+00:00","og_image":[{"width":800,"height":715,"url":"https:\/\/www.hamel-france.com\/boutique\/wp-content\/uploads\/sites\/2\/2025\/07\/Gaine-Demi-Lune-perforee-de-ventilation-pour-silos-et-stockage-a-plat.jpg","type":"image\/jpeg"}],"twitter_card":"summary_large_image","twitter_misc":{"Dur\u00e9e de lecture estim\u00e9e":"1 minute"},"schema":{"@context":"https:\/\/schema.org","@graph":[{"@type":"WebPage","@id":"https:\/\/www.hamel-france.com\/boutique\/produit\/gaines-de-ventilation-demi-lunes-perforees-7m\/","url":"https:\/\/www.hamel-france.com\/boutique\/produit\/gaines-de-ventilation-demi-lunes-perforees-7m\/","name":"Gaines de ventilation demi-lunes perfor\u00e9es - charge admissible 7m de grains - Boutique Hamel","isPartOf":{"@id":"https:\/\/www.hamel-france.com\/boutique\/#website"},"datePublished":"2025-07-09T09:00:24+00:00","dateModified":"2026-01-06T15:09:33+00:00","breadcrumb":{"@id":"https:\/\/www.hamel-france.com\/boutique\/produit\/gaines-de-ventilation-demi-lunes-perforees-7m\/#breadcrumb"},"inLanguage":"fr-FR","potentialAction":[{"@type":"ReadAction","target":["https:\/\/www.hamel-france.com\/boutique\/produit\/gaines-de-ventilation-demi-lunes-perforees-7m\/"]}]},{"@type":"BreadcrumbList","@id":"https:\/\/www.hamel-france.com\/boutique\/produit\/gaines-de-ventilation-demi-lunes-perforees-7m\/#breadcrumb","itemListElement":[{"@type":"ListItem","position":1,"name":"Accueil","item":"https:\/\/www.hamel-france.com\/boutique\/"},{"@type":"ListItem","position":2,"name":"Boutique","item":"https:\/\/www.hamel-france.com\/boutique\/boutique\/"},{"@type":"ListItem","position":3,"name":"Gaines de ventilation demi-lunes perfor\u00e9es &#8211; charge admissible 7m de grains"}]},{"@type":"WebSite","@id":"https:\/\/www.hamel-france.com\/boutique\/#website","url":"https:\/\/www.hamel-france.com\/boutique\/","name":"Boutique Hamel","description":"Vente en ligne d&#039;\u00e9quipements&lt;br \/&gt; pour le stockage du grain et le mat\u00e9riel d&#039;\u00e9levage","publisher":{"@id":"https:\/\/www.hamel-france.com\/boutique\/#organization"},"potentialAction":[{"@type":"SearchAction","target":{"@type":"EntryPoint","urlTemplate":"https:\/\/www.hamel-france.com\/boutique\/?s={search_term_string}"},"query-input":"required name=search_term_string"}],"inLanguage":"fr-FR"},{"@type":"Organization","@id":"https:\/\/www.hamel-france.com\/boutique\/#organization","name":"Boutique Hamel","url":"https:\/\/www.hamel-france.com\/boutique\/","logo":{"@type":"ImageObject","inLanguage":"fr-FR","@id":"https:\/\/www.hamel-france.com\/boutique\/#\/schema\/logo\/image\/","url":"https:\/\/www.hamel-france.com\/boutique\/wp-content\/uploads\/sites\/2\/2018\/01\/logo-hamel.png","contentUrl":"https:\/\/www.hamel-france.com\/boutique\/wp-content\/uploads\/sites\/2\/2018\/01\/logo-hamel.png","width":470,"height":110,"caption":"Boutique Hamel"},"image":{"@id":"https:\/\/www.hamel-france.com\/boutique\/#\/schema\/logo\/image\/"}}]}},"_links":{"self":[{"href":"https:\/\/www.hamel-france.com\/boutique\/wp-json\/wp\/v2\/product\/36330"}],"collection":[{"href":"https:\/\/www.hamel-france.com\/boutique\/wp-json\/wp\/v2\/product"}],"about":[{"href":"https:\/\/www.hamel-france.com\/boutique\/wp-json\/wp\/v2\/types\/product"}],"wp:featuredmedia":[{"embeddable":true,"href":"https:\/\/www.hamel-france.com\/boutique\/wp-json\/wp\/v2\/media\/36329"}],"wp:attachment":[{"href":"https:\/\/www.hamel-france.com\/boutique\/wp-json\/wp\/v2\/media?parent=36330"}],"wp:term":[{"taxonomy":"product_cat","embeddable":true,"href":"https:\/\/www.hamel-france.com\/boutique\/wp-json\/wp\/v2\/product_cat?post=36330"},{"taxonomy":"product_tag","embeddable":true,"href":"https:\/\/www.hamel-france.com\/boutique\/wp-json\/wp\/v2\/product_tag?post=36330"}],"curies":[{"name":"wp","href":"https:\/\/api.w.org\/{rel}","templated":true}]}}