{"id":35963,"date":"2024-04-03T09:03:26","date_gmt":"2024-04-03T07:03:26","guid":{"rendered":"https:\/\/www.hamel-france.com\/boutique\/?post_type=product&#038;p=35963"},"modified":"2024-06-24T11:39:03","modified_gmt":"2024-06-24T09:39:03","slug":"boite-de-chute","status":"publish","type":"product","link":"https:\/\/www.hamel-france.com\/boutique\/produit\/boite-de-chute\/","title":{"rendered":"Bo\u00eete de chute C150mm et C200mm"},"content":{"rendered":"<h2>Bo\u00eete de chute \u00e0 vidange int\u00e9grale<\/h2>\n<h2>Dimensions disponibles :<\/h2>\n<ul>\n<li>Entr\u00e9e et sortie Carr\u00e9 150mm<\/li>\n<li>Entr\u00e9e et sortie Carr\u00e9 200mm<\/li>\n<\/ul>\n<p>Elle sont utilis\u00e9es pour ralentir le d\u00e9bit les grains dans les installations de stockage agricole lors du d\u00e9chargement des produits. Cet \u00e9quipement est employ\u00e9 en amont sur des appareils tels que : les <a href=\"https:\/\/www.hamel-france.com\/materiel-cereales\/manutenion-des-cereales\/elevateurs-a-godets\/\">\u00e9l\u00e9vateurs \u00e0 godets industriels<\/a>, les <a href=\"https:\/\/www.hamel-france.com\/materiel-cereales\/stockage-et-sechage\/nettoyeurs-separateurs-trieurs-calibreurs-rotatifs\/\">nettoyeurs s\u00e9parateurs<\/a>, <a href=\"https:\/\/www.hamel-france.com\/materiel-cereales\/nettoyage-calibrage\/nettoyeurs-trieurs-rotatifs-pra\/\">trieurs rotatifs<\/a>, etc..<\/p>\n<p>&nbsp;<\/p>\n<p>&nbsp;<\/p>\n","protected":false},"excerpt":{"rendered":"<p>Bo\u00eete de chute entr\u00e9e et sortie carr\u00e9 pour les installations et silos agricoles, coop\u00e9ratives et n\u00e9gociants en grains.<\/p>\n<p>Existe \u00e9galement en : C250 C300 C350mm, <a href=\"https:\/\/www.hamel-france.com\/boutique\/contact\/\">demander un devis<\/a>.<\/p>\n","protected":false},"featured_media":35966,"template":"","meta":{"_mi_skip_tracking":false,"_exactmetrics_sitenote_active":false,"_exactmetrics_sitenote_note":"","_exactmetrics_sitenote_category":0},"product_cat":[58],"product_tag":[],"acf":[],"yoast_head":"<!-- This site is optimized with the Yoast SEO plugin v21.7 - https:\/\/yoast.com\/wordpress\/plugins\/seo\/ -->\n<title>Bo\u00eete de chute - Entr\u00e9e et sortie Carr\u00e9<\/title>\n<meta name=\"description\" content=\"Bo\u00eete de chute - Tuyauterie industrielle pour nettoyeurs s\u00e9parateurs, \u00e9l\u00e9vateurs \u00e0 godets, transporteurs \u00e0 cha\u00eene, vise \u00e0 ralentir le grain.\" \/>\n<meta name=\"robots\" content=\"index, follow, max-snippet:-1, max-image-preview:large, max-video-preview:-1\" \/>\n<link rel=\"canonical\" href=\"https:\/\/www.hamel-france.com\/boutique\/produit\/boite-de-chute\/\" \/>\n<meta property=\"og:locale\" content=\"fr_FR\" \/>\n<meta property=\"og:type\" content=\"article\" \/>\n<meta property=\"og:title\" content=\"Bo\u00eete de chute - Entr\u00e9e et sortie Carr\u00e9\" \/>\n<meta property=\"og:description\" content=\"Bo\u00eete de chute - Tuyauterie industrielle pour nettoyeurs s\u00e9parateurs, \u00e9l\u00e9vateurs \u00e0 godets, transporteurs \u00e0 cha\u00eene, vise \u00e0 ralentir le grain.\" \/>\n<meta property=\"og:url\" content=\"https:\/\/www.hamel-france.com\/boutique\/produit\/boite-de-chute\/\" \/>\n<meta property=\"og:site_name\" content=\"Boutique Hamel\" \/>\n<meta property=\"article:modified_time\" content=\"2024-06-24T09:39:03+00:00\" \/>\n<meta property=\"og:image\" content=\"https:\/\/www.hamel-france.com\/boutique\/wp-content\/uploads\/sites\/2\/2024\/04\/boite-de-chute-carre-150mm-200mm.jpg\" \/>\n\t<meta property=\"og:image:width\" content=\"300\" \/>\n\t<meta property=\"og:image:height\" content=\"300\" \/>\n\t<meta property=\"og:image:type\" content=\"image\/jpeg\" \/>\n<meta name=\"twitter:card\" content=\"summary_large_image\" \/>\n<meta name=\"twitter:label1\" content=\"Dur\u00e9e de lecture estim\u00e9e\" \/>\n\t<meta name=\"twitter:data1\" content=\"1 minute\" \/>\n<script type=\"application\/ld+json\" class=\"yoast-schema-graph\">{\"@context\":\"https:\/\/schema.org\",\"@graph\":[{\"@type\":\"WebPage\",\"@id\":\"https:\/\/www.hamel-france.com\/boutique\/produit\/boite-de-chute\/\",\"url\":\"https:\/\/www.hamel-france.com\/boutique\/produit\/boite-de-chute\/\",\"name\":\"Bo\u00eete de chute - Entr\u00e9e et sortie Carr\u00e9\",\"isPartOf\":{\"@id\":\"https:\/\/www.hamel-france.com\/boutique\/#website\"},\"datePublished\":\"2024-04-03T07:03:26+00:00\",\"dateModified\":\"2024-06-24T09:39:03+00:00\",\"description\":\"Bo\u00eete de chute - Tuyauterie industrielle pour nettoyeurs s\u00e9parateurs, \u00e9l\u00e9vateurs \u00e0 godets, transporteurs \u00e0 cha\u00eene, vise \u00e0 ralentir le grain.\",\"breadcrumb\":{\"@id\":\"https:\/\/www.hamel-france.com\/boutique\/produit\/boite-de-chute\/#breadcrumb\"},\"inLanguage\":\"fr-FR\",\"potentialAction\":[{\"@type\":\"ReadAction\",\"target\":[\"https:\/\/www.hamel-france.com\/boutique\/produit\/boite-de-chute\/\"]}]},{\"@type\":\"BreadcrumbList\",\"@id\":\"https:\/\/www.hamel-france.com\/boutique\/produit\/boite-de-chute\/#breadcrumb\",\"itemListElement\":[{\"@type\":\"ListItem\",\"position\":1,\"name\":\"Accueil\",\"item\":\"https:\/\/www.hamel-france.com\/boutique\/\"},{\"@type\":\"ListItem\",\"position\":2,\"name\":\"Boutique\",\"item\":\"https:\/\/www.hamel-france.com\/boutique\/boutique\/\"},{\"@type\":\"ListItem\",\"position\":3,\"name\":\"Bo\u00eete de chute C150mm et C200mm\"}]},{\"@type\":\"WebSite\",\"@id\":\"https:\/\/www.hamel-france.com\/boutique\/#website\",\"url\":\"https:\/\/www.hamel-france.com\/boutique\/\",\"name\":\"Boutique Hamel\",\"description\":\"Vente en ligne d&#039;\u00e9quipements&lt;br \/&gt; pour le stockage du grain et le mat\u00e9riel d&#039;\u00e9levage\",\"publisher\":{\"@id\":\"https:\/\/www.hamel-france.com\/boutique\/#organization\"},\"potentialAction\":[{\"@type\":\"SearchAction\",\"target\":{\"@type\":\"EntryPoint\",\"urlTemplate\":\"https:\/\/www.hamel-france.com\/boutique\/?s={search_term_string}\"},\"query-input\":\"required name=search_term_string\"}],\"inLanguage\":\"fr-FR\"},{\"@type\":\"Organization\",\"@id\":\"https:\/\/www.hamel-france.com\/boutique\/#organization\",\"name\":\"Boutique Hamel\",\"url\":\"https:\/\/www.hamel-france.com\/boutique\/\",\"logo\":{\"@type\":\"ImageObject\",\"inLanguage\":\"fr-FR\",\"@id\":\"https:\/\/www.hamel-france.com\/boutique\/#\/schema\/logo\/image\/\",\"url\":\"https:\/\/www.hamel-france.com\/boutique\/wp-content\/uploads\/sites\/2\/2018\/01\/logo-hamel.png\",\"contentUrl\":\"https:\/\/www.hamel-france.com\/boutique\/wp-content\/uploads\/sites\/2\/2018\/01\/logo-hamel.png\",\"width\":470,\"height\":110,\"caption\":\"Boutique Hamel\"},\"image\":{\"@id\":\"https:\/\/www.hamel-france.com\/boutique\/#\/schema\/logo\/image\/\"}}]}<\/script>\n<!-- \/ Yoast SEO plugin. -->","yoast_head_json":{"title":"Bo\u00eete de chute - Entr\u00e9e et sortie Carr\u00e9","description":"Bo\u00eete de chute - Tuyauterie industrielle pour nettoyeurs s\u00e9parateurs, \u00e9l\u00e9vateurs \u00e0 godets, transporteurs \u00e0 cha\u00eene, vise \u00e0 ralentir le grain.","robots":{"index":"index","follow":"follow","max-snippet":"max-snippet:-1","max-image-preview":"max-image-preview:large","max-video-preview":"max-video-preview:-1"},"canonical":"https:\/\/www.hamel-france.com\/boutique\/produit\/boite-de-chute\/","og_locale":"fr_FR","og_type":"article","og_title":"Bo\u00eete de chute - Entr\u00e9e et sortie Carr\u00e9","og_description":"Bo\u00eete de chute - Tuyauterie industrielle pour nettoyeurs s\u00e9parateurs, \u00e9l\u00e9vateurs \u00e0 godets, transporteurs \u00e0 cha\u00eene, vise \u00e0 ralentir le grain.","og_url":"https:\/\/www.hamel-france.com\/boutique\/produit\/boite-de-chute\/","og_site_name":"Boutique Hamel","article_modified_time":"2024-06-24T09:39:03+00:00","og_image":[{"width":300,"height":300,"url":"https:\/\/www.hamel-france.com\/boutique\/wp-content\/uploads\/sites\/2\/2024\/04\/boite-de-chute-carre-150mm-200mm.jpg","type":"image\/jpeg"}],"twitter_card":"summary_large_image","twitter_misc":{"Dur\u00e9e de lecture estim\u00e9e":"1 minute"},"schema":{"@context":"https:\/\/schema.org","@graph":[{"@type":"WebPage","@id":"https:\/\/www.hamel-france.com\/boutique\/produit\/boite-de-chute\/","url":"https:\/\/www.hamel-france.com\/boutique\/produit\/boite-de-chute\/","name":"Bo\u00eete de chute - Entr\u00e9e et sortie Carr\u00e9","isPartOf":{"@id":"https:\/\/www.hamel-france.com\/boutique\/#website"},"datePublished":"2024-04-03T07:03:26+00:00","dateModified":"2024-06-24T09:39:03+00:00","description":"Bo\u00eete de chute - Tuyauterie industrielle pour nettoyeurs s\u00e9parateurs, \u00e9l\u00e9vateurs \u00e0 godets, transporteurs \u00e0 cha\u00eene, vise \u00e0 ralentir le grain.","breadcrumb":{"@id":"https:\/\/www.hamel-france.com\/boutique\/produit\/boite-de-chute\/#breadcrumb"},"inLanguage":"fr-FR","potentialAction":[{"@type":"ReadAction","target":["https:\/\/www.hamel-france.com\/boutique\/produit\/boite-de-chute\/"]}]},{"@type":"BreadcrumbList","@id":"https:\/\/www.hamel-france.com\/boutique\/produit\/boite-de-chute\/#breadcrumb","itemListElement":[{"@type":"ListItem","position":1,"name":"Accueil","item":"https:\/\/www.hamel-france.com\/boutique\/"},{"@type":"ListItem","position":2,"name":"Boutique","item":"https:\/\/www.hamel-france.com\/boutique\/boutique\/"},{"@type":"ListItem","position":3,"name":"Bo\u00eete de chute C150mm et C200mm"}]},{"@type":"WebSite","@id":"https:\/\/www.hamel-france.com\/boutique\/#website","url":"https:\/\/www.hamel-france.com\/boutique\/","name":"Boutique Hamel","description":"Vente en ligne d&#039;\u00e9quipements&lt;br \/&gt; pour le stockage du grain et le mat\u00e9riel d&#039;\u00e9levage","publisher":{"@id":"https:\/\/www.hamel-france.com\/boutique\/#organization"},"potentialAction":[{"@type":"SearchAction","target":{"@type":"EntryPoint","urlTemplate":"https:\/\/www.hamel-france.com\/boutique\/?s={search_term_string}"},"query-input":"required name=search_term_string"}],"inLanguage":"fr-FR"},{"@type":"Organization","@id":"https:\/\/www.hamel-france.com\/boutique\/#organization","name":"Boutique Hamel","url":"https:\/\/www.hamel-france.com\/boutique\/","logo":{"@type":"ImageObject","inLanguage":"fr-FR","@id":"https:\/\/www.hamel-france.com\/boutique\/#\/schema\/logo\/image\/","url":"https:\/\/www.hamel-france.com\/boutique\/wp-content\/uploads\/sites\/2\/2018\/01\/logo-hamel.png","contentUrl":"https:\/\/www.hamel-france.com\/boutique\/wp-content\/uploads\/sites\/2\/2018\/01\/logo-hamel.png","width":470,"height":110,"caption":"Boutique Hamel"},"image":{"@id":"https:\/\/www.hamel-france.com\/boutique\/#\/schema\/logo\/image\/"}}]}},"_links":{"self":[{"href":"https:\/\/www.hamel-france.com\/boutique\/wp-json\/wp\/v2\/product\/35963"}],"collection":[{"href":"https:\/\/www.hamel-france.com\/boutique\/wp-json\/wp\/v2\/product"}],"about":[{"href":"https:\/\/www.hamel-france.com\/boutique\/wp-json\/wp\/v2\/types\/product"}],"wp:featuredmedia":[{"embeddable":true,"href":"https:\/\/www.hamel-france.com\/boutique\/wp-json\/wp\/v2\/media\/35966"}],"wp:attachment":[{"href":"https:\/\/www.hamel-france.com\/boutique\/wp-json\/wp\/v2\/media?parent=35963"}],"wp:term":[{"taxonomy":"product_cat","embeddable":true,"href":"https:\/\/www.hamel-france.com\/boutique\/wp-json\/wp\/v2\/product_cat?post=35963"},{"taxonomy":"product_tag","embeddable":true,"href":"https:\/\/www.hamel-france.com\/boutique\/wp-json\/wp\/v2\/product_tag?post=35963"}],"curies":[{"name":"wp","href":"https:\/\/api.w.org\/{rel}","templated":true}]}}