{"id":24,"date":"2017-11-10T10:33:07","date_gmt":"2017-11-10T09:33:07","guid":{"rendered":"http:\/\/www.hamel-france.com\/boutique\/?page_id=24"},"modified":"2019-03-15T11:27:16","modified_gmt":"2019-03-15T10:27:16","slug":"vente-en-ligne-de-materiels-pour-le-stockage-du-grain-et-lelevage","status":"publish","type":"page","link":"https:\/\/www.hamel-france.com\/boutique\/","title":{"rendered":"Vente en ligne de mat\u00e9riels pour le stockage du grain et l&#8217;\u00e9levage"},"content":{"rendered":"<h2>Vente en ligne de mat\u00e9riels pour le stockage du grain et l&#8217;\u00e9levage<\/h2>\n<p>Retrouvez tous les mat\u00e9riels pour le stockage du grain !<\/p>\n<p><span style=\"color: #99cc00\">40 ans d&#8217;exp\u00e9rience<\/span><\/p>\n<p>Des Appareils <strong>Pratiques \u00b7 Robuste et Fiable<\/strong><\/p>\n<p>Vente aux Professionnels, C\u00e9r\u00e9aliers Bio et Conventionnels et Particuliers<\/p>\n<h3><strong>\u00c9quipements<\/strong> et mat\u00e9riels pour les c\u00e9r\u00e9aliers, agriculteurs, semenciers, n\u00e9gociants en grains :<\/h3>\n<ul>\n<li><a href=\"http:\/\/www.hamel-france.com\/boutique\/produit\/silo-sur-pieds-3000x2000mm\/\" target=\"_blank\" rel=\"noopener\">silos<\/a>, \u00e9l\u00e9vateurs \u00e0 godets, ventilateurs, a\u00e9rateurs \u00e0 grains, caniveaux de ventilations, s\u00e9choirs mobiles, transporteurs \u00e0 chaines, convoyeurs \u00e0 bande, silos rectangulaires ou carr\u00e9 \u00e0 vidange int\u00e9grale, silos sur pieds,\u00a0nettoyeurs- s\u00e9parateurs, tuyauterie pour les installations de stockage (coudes, boites \u00e0 2 directions et 3 directions, tuyaux de descente, mat\u00e9riel disponible en acier peint ou galva), trappes et vannes de vidanges, sondes de temp\u00e9rature, ainsi que des testeurs d\u2019humidit\u00e9\u2026<\/li>\n<\/ul>\n<h4><strong>Mat\u00e9riels<\/strong> pour les \u00e9leveurs professionnels et \u00e9quipements pour les b\u00e2timents d\u2019\u00e9levage :<\/h4>\n<ul>\n<li>\u00a0broyeurs , aplatisseurs, m\u00e9langeurs inclin\u00e9s, combin\u00e9s aplatisseur\/m\u00e9langeur, combin\u00e9s broyeur\/m\u00e9langeur, pipettes et mangeoires tigsa, mais aussi des fabriques d\u2019aliments \u2026<\/li>\n<\/ul>\n<h5>Equipements pour l\u2019\u00e9levage de loisirs :<\/h5>\n<ul>\n<li>couveuses, moulins \u00e0 c\u00e9r\u00e9ales, plumeuses, abreuvoirs, mangeoires pour volailles, ainsi que des distributeurs de croquettes\u2026<\/li>\n<\/ul>\n<p>Visitez notre site vitrine et nos\u00a0mat\u00e9riels pour le stockage du grain <a href=\"http:\/\/www.hamel-france.com\/\" target=\"_blank\" rel=\"noopener\">ici.<\/a><\/p>\n","protected":false},"excerpt":{"rendered":"<p>Vente en ligne de mat\u00e9riels pour le stockage du grain et l&#8217;\u00e9levage Retrouvez tous les mat\u00e9riels pour le stockage du grain ! 40 ans d&#8217;exp\u00e9rience Des Appareils Pratiques \u00b7 Robuste et Fiable Vente aux Professionnels, C\u00e9r\u00e9aliers Bio et Conventionnels et Particuliers \u00c9quipements et mat\u00e9riels pour les c\u00e9r\u00e9aliers, agriculteurs, semenciers, n\u00e9gociants en grains : silos, \u00e9l\u00e9vateurs [&hellip;]<\/p>\n","protected":false},"author":1,"featured_media":54,"parent":0,"menu_order":0,"comment_status":"closed","ping_status":"closed","template":"template-homepage.php","meta":{"_mi_skip_tracking":false,"_exactmetrics_sitenote_active":false,"_exactmetrics_sitenote_note":"","_exactmetrics_sitenote_category":0,"footnotes":""},"acf":[],"yoast_head":"<!-- This site is optimized with the Yoast SEO plugin v21.7 - https:\/\/yoast.com\/wordpress\/plugins\/seo\/ -->\n<title>Mat\u00e9riels pour le stockage du grain et l&#039;\u00e9levage | Boutique Hamel<\/title>\n<meta name=\"description\" content=\"Vente de mat\u00e9riels pour le stockage du grain | 40 ans d&#039;exp\u00e9rience \u00b7 Des Appareils Pratiques \u00b7 Robuste et Fiable | | C\u00e9r\u00e9aliers Bio\" \/>\n<meta name=\"robots\" content=\"index, follow, max-snippet:-1, max-image-preview:large, max-video-preview:-1\" \/>\n<link rel=\"canonical\" href=\"https:\/\/www.hamel-france.com\/boutique\/\" \/>\n<meta property=\"og:locale\" content=\"fr_FR\" \/>\n<meta property=\"og:type\" content=\"article\" \/>\n<meta property=\"og:title\" content=\"Mat\u00e9riels pour le stockage du grain et l&#039;\u00e9levage | Boutique Hamel\" \/>\n<meta property=\"og:description\" content=\"Vente de mat\u00e9riels pour le stockage du grain | 40 ans d&#039;exp\u00e9rience \u00b7 Des Appareils Pratiques \u00b7 Robuste et Fiable | | C\u00e9r\u00e9aliers Bio\" \/>\n<meta property=\"og:url\" content=\"https:\/\/www.hamel-france.com\/boutique\/\" \/>\n<meta property=\"og:site_name\" content=\"Boutique Hamel\" \/>\n<meta property=\"article:modified_time\" content=\"2019-03-15T10:27:16+00:00\" \/>\n<meta property=\"og:image\" content=\"https:\/\/www.hamel-france.com\/boutique\/wp-content\/uploads\/sites\/2\/2017\/11\/pexels-photo-265278.jpg\" \/>\n\t<meta property=\"og:image:width\" content=\"1920\" \/>\n\t<meta property=\"og:image:height\" content=\"1280\" \/>\n\t<meta property=\"og:image:type\" content=\"image\/jpeg\" \/>\n<meta name=\"twitter:card\" content=\"summary_large_image\" \/>\n<meta name=\"twitter:label1\" content=\"Dur\u00e9e de lecture estim\u00e9e\" \/>\n\t<meta name=\"twitter:data1\" content=\"1 minute\" \/>\n<script type=\"application\/ld+json\" class=\"yoast-schema-graph\">{\"@context\":\"https:\/\/schema.org\",\"@graph\":[{\"@type\":\"WebPage\",\"@id\":\"https:\/\/www.hamel-france.com\/boutique\/\",\"url\":\"https:\/\/www.hamel-france.com\/boutique\/\",\"name\":\"Mat\u00e9riels pour le stockage du grain et l'\u00e9levage | Boutique Hamel\",\"isPartOf\":{\"@id\":\"https:\/\/www.hamel-france.com\/boutique\/#website\"},\"datePublished\":\"2017-11-10T09:33:07+00:00\",\"dateModified\":\"2019-03-15T10:27:16+00:00\",\"description\":\"Vente de mat\u00e9riels pour le stockage du grain | 40 ans d'exp\u00e9rience \u00b7 Des Appareils Pratiques \u00b7 Robuste et Fiable | | C\u00e9r\u00e9aliers Bio\",\"breadcrumb\":{\"@id\":\"https:\/\/www.hamel-france.com\/boutique\/#breadcrumb\"},\"inLanguage\":\"fr-FR\",\"potentialAction\":[{\"@type\":\"ReadAction\",\"target\":[\"https:\/\/www.hamel-france.com\/boutique\/\"]}]},{\"@type\":\"BreadcrumbList\",\"@id\":\"https:\/\/www.hamel-france.com\/boutique\/#breadcrumb\",\"itemListElement\":[{\"@type\":\"ListItem\",\"position\":1,\"name\":\"Accueil\",\"item\":\"https:\/\/www.hamel-france.com\/boutique\/\"},{\"@type\":\"ListItem\",\"position\":2,\"name\":\"Vente en ligne de mat\u00e9riels pour le stockage du grain et l&#8217;\u00e9levage\"}]},{\"@type\":\"WebSite\",\"@id\":\"https:\/\/www.hamel-france.com\/boutique\/#website\",\"url\":\"https:\/\/www.hamel-france.com\/boutique\/\",\"name\":\"Boutique Hamel\",\"description\":\"Vente en ligne d&#039;\u00e9quipements&lt;br \/&gt; pour le stockage du grain et le mat\u00e9riel d&#039;\u00e9levage\",\"publisher\":{\"@id\":\"https:\/\/www.hamel-france.com\/boutique\/#organization\"},\"potentialAction\":[{\"@type\":\"SearchAction\",\"target\":{\"@type\":\"EntryPoint\",\"urlTemplate\":\"https:\/\/www.hamel-france.com\/boutique\/?s={search_term_string}\"},\"query-input\":\"required name=search_term_string\"}],\"inLanguage\":\"fr-FR\"},{\"@type\":\"Organization\",\"@id\":\"https:\/\/www.hamel-france.com\/boutique\/#organization\",\"name\":\"Boutique Hamel\",\"url\":\"https:\/\/www.hamel-france.com\/boutique\/\",\"logo\":{\"@type\":\"ImageObject\",\"inLanguage\":\"fr-FR\",\"@id\":\"https:\/\/www.hamel-france.com\/boutique\/#\/schema\/logo\/image\/\",\"url\":\"https:\/\/www.hamel-france.com\/boutique\/wp-content\/uploads\/sites\/2\/2018\/01\/logo-hamel.png\",\"contentUrl\":\"https:\/\/www.hamel-france.com\/boutique\/wp-content\/uploads\/sites\/2\/2018\/01\/logo-hamel.png\",\"width\":470,\"height\":110,\"caption\":\"Boutique Hamel\"},\"image\":{\"@id\":\"https:\/\/www.hamel-france.com\/boutique\/#\/schema\/logo\/image\/\"}}]}<\/script>\n<!-- \/ Yoast SEO plugin. -->","yoast_head_json":{"title":"Mat\u00e9riels pour le stockage du grain et l'\u00e9levage | Boutique Hamel","description":"Vente de mat\u00e9riels pour le stockage du grain | 40 ans d'exp\u00e9rience \u00b7 Des Appareils Pratiques \u00b7 Robuste et Fiable | | C\u00e9r\u00e9aliers Bio","robots":{"index":"index","follow":"follow","max-snippet":"max-snippet:-1","max-image-preview":"max-image-preview:large","max-video-preview":"max-video-preview:-1"},"canonical":"https:\/\/www.hamel-france.com\/boutique\/","og_locale":"fr_FR","og_type":"article","og_title":"Mat\u00e9riels pour le stockage du grain et l'\u00e9levage | Boutique Hamel","og_description":"Vente de mat\u00e9riels pour le stockage du grain | 40 ans d'exp\u00e9rience \u00b7 Des Appareils Pratiques \u00b7 Robuste et Fiable | | C\u00e9r\u00e9aliers Bio","og_url":"https:\/\/www.hamel-france.com\/boutique\/","og_site_name":"Boutique Hamel","article_modified_time":"2019-03-15T10:27:16+00:00","og_image":[{"width":1920,"height":1280,"url":"https:\/\/www.hamel-france.com\/boutique\/wp-content\/uploads\/sites\/2\/2017\/11\/pexels-photo-265278.jpg","type":"image\/jpeg"}],"twitter_card":"summary_large_image","twitter_misc":{"Dur\u00e9e de lecture estim\u00e9e":"1 minute"},"schema":{"@context":"https:\/\/schema.org","@graph":[{"@type":"WebPage","@id":"https:\/\/www.hamel-france.com\/boutique\/","url":"https:\/\/www.hamel-france.com\/boutique\/","name":"Mat\u00e9riels pour le stockage du grain et l'\u00e9levage | Boutique Hamel","isPartOf":{"@id":"https:\/\/www.hamel-france.com\/boutique\/#website"},"datePublished":"2017-11-10T09:33:07+00:00","dateModified":"2019-03-15T10:27:16+00:00","description":"Vente de mat\u00e9riels pour le stockage du grain | 40 ans d'exp\u00e9rience \u00b7 Des Appareils Pratiques \u00b7 Robuste et Fiable | | C\u00e9r\u00e9aliers Bio","breadcrumb":{"@id":"https:\/\/www.hamel-france.com\/boutique\/#breadcrumb"},"inLanguage":"fr-FR","potentialAction":[{"@type":"ReadAction","target":["https:\/\/www.hamel-france.com\/boutique\/"]}]},{"@type":"BreadcrumbList","@id":"https:\/\/www.hamel-france.com\/boutique\/#breadcrumb","itemListElement":[{"@type":"ListItem","position":1,"name":"Accueil","item":"https:\/\/www.hamel-france.com\/boutique\/"},{"@type":"ListItem","position":2,"name":"Vente en ligne de mat\u00e9riels pour le stockage du grain et l&#8217;\u00e9levage"}]},{"@type":"WebSite","@id":"https:\/\/www.hamel-france.com\/boutique\/#website","url":"https:\/\/www.hamel-france.com\/boutique\/","name":"Boutique Hamel","description":"Vente en ligne d&#039;\u00e9quipements&lt;br \/&gt; pour le stockage du grain et le mat\u00e9riel d&#039;\u00e9levage","publisher":{"@id":"https:\/\/www.hamel-france.com\/boutique\/#organization"},"potentialAction":[{"@type":"SearchAction","target":{"@type":"EntryPoint","urlTemplate":"https:\/\/www.hamel-france.com\/boutique\/?s={search_term_string}"},"query-input":"required name=search_term_string"}],"inLanguage":"fr-FR"},{"@type":"Organization","@id":"https:\/\/www.hamel-france.com\/boutique\/#organization","name":"Boutique Hamel","url":"https:\/\/www.hamel-france.com\/boutique\/","logo":{"@type":"ImageObject","inLanguage":"fr-FR","@id":"https:\/\/www.hamel-france.com\/boutique\/#\/schema\/logo\/image\/","url":"https:\/\/www.hamel-france.com\/boutique\/wp-content\/uploads\/sites\/2\/2018\/01\/logo-hamel.png","contentUrl":"https:\/\/www.hamel-france.com\/boutique\/wp-content\/uploads\/sites\/2\/2018\/01\/logo-hamel.png","width":470,"height":110,"caption":"Boutique Hamel"},"image":{"@id":"https:\/\/www.hamel-france.com\/boutique\/#\/schema\/logo\/image\/"}}]}},"_links":{"self":[{"href":"https:\/\/www.hamel-france.com\/boutique\/wp-json\/wp\/v2\/pages\/24"}],"collection":[{"href":"https:\/\/www.hamel-france.com\/boutique\/wp-json\/wp\/v2\/pages"}],"about":[{"href":"https:\/\/www.hamel-france.com\/boutique\/wp-json\/wp\/v2\/types\/page"}],"author":[{"embeddable":true,"href":"https:\/\/www.hamel-france.com\/boutique\/wp-json\/wp\/v2\/users\/1"}],"replies":[{"embeddable":true,"href":"https:\/\/www.hamel-france.com\/boutique\/wp-json\/wp\/v2\/comments?post=24"}],"version-history":[{"count":173,"href":"https:\/\/www.hamel-france.com\/boutique\/wp-json\/wp\/v2\/pages\/24\/revisions"}],"predecessor-version":[{"id":1882,"href":"https:\/\/www.hamel-france.com\/boutique\/wp-json\/wp\/v2\/pages\/24\/revisions\/1882"}],"wp:featuredmedia":[{"embeddable":true,"href":"https:\/\/www.hamel-france.com\/boutique\/wp-json\/wp\/v2\/media\/54"}],"wp:attachment":[{"href":"https:\/\/www.hamel-france.com\/boutique\/wp-json\/wp\/v2\/media?parent=24"}],"curies":[{"name":"wp","href":"https:\/\/api.w.org\/{rel}","templated":true}]}}